d. What is the units digit of l?
2
Suppose 30 = 5*j - 0. Let t(y) = y**2 - 2*y - 6. What is the units digit of t(j)?
8
Let v(z) = -3*z - 1. Let d be v(-2). Let p = -1 + 24. Suppose -p + d = -3*s. What is the units digit of s?
6
Let m(n) = n**3 - 4*n**2 + n - 1. Let b be m(3). Let l = 12 + b. Suppose 2*q + 12 = -l*d, 6*q + 4*d = 3*q - 4. What is the units digit of q?
4
Suppose -3*m + 114 = -0*m. What is the units digit of m?
8
Suppose -7 - 3 = -3*s - 4*z, -5*s + 3*z + 7 = 0. Suppose 20 = -s*o + 7*o. Suppose -n - 13 = -o*a, -3*a - 2*a - n + 14 = 0. What is the units digit of a?
3
Let m(i) = 4*i - 4*i + 1 + 4*i - i**2. Let j be -1 + 0 + (3 - 0). What is the units digit of m(j)?
5
Let y = -3 + 3. Suppose -h + 4 + 0 = y. What is the units digit of h?
4
Let n = -6 + 11. Suppose 0 = -n*g + 9 + 31. What is the units digit of g?
8
What is the units digit of 96/(-40)*40/(-3)?
2
Suppose 3*i = 3 + 6. Suppose 0 = -4*t + i*v + 27, 0 = 4*t + 6*v - 3*v + 3. Suppose 0 = -t*h - 0 + 6. What is the units digit of h?
2
Suppose 0*o + 5*o + j - 1 = 0, 0 = -2*o + 2*j - 2. Suppose 2*r + 0*r - 50 = o. What is the units digit of r?
5
Let z = 4 + -4. What is the tens digit of (-3 - z)*10/(-3)?
1
Suppose -3*p + 10*o - 5*o + 82 = 0, p - 30 = 3*o. What is the units digit of p?
4
Let b(p) = 2*p - 22. What is the units digit of b(15)?
8
Let c = -19 - -30. What is the tens digit of c?
1
Let q(w) = -w**3 - 7*w**2 - 3*w - 10. Let z be q(-7). Let k = z - 7. Suppose -g - 3 + k = 0. What is the units digit of g?
1
Let u(x) = -2*x**2 - 26*x - 13. What is the units digit of u(-11)?
1
Suppose 0 = 4*w + r - 529, 0 = -5*w + r - 5*r + 664. What is the units digit of w?
2
Suppose 1 = -2*s + 3. What is the units digit of s?
1
Let p be -1 + (12 - (1 + -2)). Suppose 5*y = -p + 47. What is the units digit of y?
7
Suppose 2*o - 4*h = o + 34, 2*o + 4*h = 68. What is the units digit of o?
4
Let h = -4 - -4. Suppose 0 = 2*j - 7*j + x + 66, h = -2*x + 8. Let r = j + 5. What is the units digit of r?
9
Let r(i) = -2*i - 6. What is the tens digit of r(-22)?
3
Let l = 43 + -25. What is the tens digit of l?
1
Let l(q) = -q + 1. Let v be l(1). Suppose x + u + v*u - 9 = 0, -33 = -5*x - 2*u. Suppose -3*k + 10 = i, 0*k - x*k + 22 = -i. What is the units digit of k?
4
Let t be (-31)/(-1) + 0 + 1. Suppose t = 2*n - 2*c, 0 = -6*n + 3*n + 4*c + 50. Let u = n - 5. What is the units digit of u?
9
Let w = -63 + 88. What is the tens digit of w?
2
Let z be (-2)/2 - 16/2. Let o(j) = j**3 + 10*j**2 + 8*j - 7. Let w be o(z). What is the units digit of 8 + w/(1 + -2)?
6
Suppose 4*p - 319 = -3*a - 82, -4*a = 3*p - 169. What is the units digit of p?
3
Suppose -2*z = l - 159, 4*l - 618 = 4*z - 3*z. What is the hundreds digit of l?
1
Suppose -3*j = 2*j - 710. What is the tens digit of j?
4
Let z(d) = -2*d**3 + 5*d**2 - 9*d - 7. What is the tens digit of z(-3)?
1
Suppose -4*p = -6*p - 5*y + 407, -2*p - 2*y = -404. What is the units digit of p?
1
Let c be -7 + 13 - 3/1. Suppose 4*f - c*f - 11 = 0. What is the units digit of f?
1
Let f = 8 - 5. Suppose 6 = 5*s + f*d, 3*d - 8 = -3*s - d. What is the units digit of 11 + (2 - (s - 1))?
4
Let m = 32 - 2. What is the units digit of (-4)/(-16) - m/(-8)?
4
Let x(y) be the third derivative of y**4/8 + y**3/3 - 3*y**2. What is the units digit of x(2)?
8
Let g be (-75)/10*4/(-6). Suppose g*a - 3 - 2 = 0. What is the units digit of a?
1
What is the units digit of -3 + (3 - -1) + 37?
8
Let q be 0 + -2 - (0 - -1). Let d be q + 3 + 2 + 2. Suppose 5*a - 79 = 2*x, -d*x = -2*a - x + 36. What is the tens digit of a?
1
Let c(o) = 4*o**2 - o. Let p be c(-2). Suppose -6 = -3*n - m - 2*m, 3*n - 4*m - 20 = 0. Suppose a = n*a - p. What is the units digit of a?
6
Let t = 208 + -111. Suppose t - 2 = 5*l. What is the tens digit of l?
1
Suppose 3*f + 0*f - 45 = 0. Suppose 2*b + 41 = f. Let a = -3 - b. What is the units digit of a?
0
Let i = -1 - -3. Suppose -6*s + i*s = 36. What is the units digit of 1 + (s + 1)/(-2)?
5
Let t(p) = -p**2 - 1 - 5*p + 14*p - 3 + 7. What is the tens digit of t(8)?
1
Let g be 3/6 - 15/(-6). Suppose -a + g = -0*a. What is the units digit of a?
3
Let h = 75 - 34. What is the units digit of h?
1
Suppose -5*h + 10*h - 150 = 0. What is the tens digit of h?
3
Let y(h) = -2*h + 5*h**2 + 3 + 9*h**2 + 0*h - 7*h**2. Let s be y(-3). What is the units digit of s/15 - (-2)/10?
5
Suppose 224 = b - 54. What is the units digit of b?
8
Let q = -9 - -1. What is the tens digit of (10/(-8))/(1/q)?
1
Let n = 1 + 3. Suppose n*u - 5 - 11 = 0. What is the units digit of u?
4
Let o be 9/2*16/(-12). Let q be -1*3*o/9. Suppose -q*n - 3 = 5*r - 4*n, 3*r + 1 = n. What is the units digit of r?
1
Suppose 5*f - 2*f = 51. What is the tens digit of f?
1
Suppose 4*f + 3 = -5. Let q be 46/(-8) + 1/(-4). Let t = f - q. What is the units digit of t?
4
What is the hundreds digit of 4/(-2) - (14/(-7) - 186)?
1
Suppose -3*j + 422 - 77 = 0. What is the units digit of j?
5
Let h be (-23)/7 + (-2)/(-7). Let b be (1/h)/((-2)/(-6)). Let v = b + 12. What is the tens digit of v?
1
Suppose 4*y + d = 17, -19 = -5*y - d + 2*d. Suppose -1 = 3*h - y. What is the units digit of h - 1 - -1*4?
4
Suppose 0 = 5*u - 0*u - 20. Suppose 3*c = -u*l + 51, -l - 34 = -2*c - 0*l. What is the tens digit of c?
1
Let h(y) = -2*y**3 - 3*y**2 + 3*y + 3. What is the tens digit of h(-3)?
2
Suppose -765 = -9*h + 4*h. What is the units digit of h?
3
Suppose 54 + 114 = 2*w. Suppose -5*g + 75 = -5*n, -w = -5*g + n + 7. What is the units digit of g?
9
What is the units digit of ((-45)/(-4))/((-18)/(-48))?
0
Suppose -283 = -i + 3*d - 5*d, 5*d = -2*i + 568. What is the hundreds digit of i?
2
Let m(r) = 2*r**2 - r - 1. Let n be (8 - 2)/2 + -11. Let u(d) = -d**2 - 7*d + 10. Let a be u(n). What is the units digit of m(a)?
5
Let p = -8 - -23. What is the units digit of p?
5
What is the units digit of 0/1 - (-6 + 2)?
4
What is the hundreds digit of (6 - 3) + -442*(-4)/8?
2
Suppose -4*h + 7*h = 75. Let u = h + -13. What is the tens digit of u?
1
Suppose 2*p = -0*p. Suppose 2*h + 2*x = 6*x + 2, 3*x - 6 = p. What is the units digit of h?
5
Let f(m) = -3*m - 16 - 3*m + 0*m + m. What is the units digit of f(-7)?
9
Suppose -4*f = 17 - 49. What is the tens digit of 92/f + 2/4?
1
Suppose 2150 = 2*s + 8*s. What is the tens digit of s?
1
Let n(q) = q**3 - 6*q**2 + 2*q - 9. Let o be n(6). Suppose o*l - 51 = -21. What is the units digit of l?
0
Let p(v) = 172*v**2 + 3*v + 3. What is the hundreds digit of p(-1)?
1
Let i(x) = x**2 - x + 2. Let j be i(0). Suppose -6*s + 32 = -j*s. What is the units digit of s?
8
Suppose 3*h + 40 - 223 = 4*p, -4*p + 337 = 5*h. What is the tens digit of h?
6
Suppose -235*k + 234*k = -162. What is the hundreds digit of k?
1
Let i(o) = o + 2. Let l be i(1). Suppose 3*q - 9 = 3. Suppose -2*x - q*g = -l*x - 10, 20 = 4*x + 4*g. What is the units digit of x?
2
What is the units digit of ((-210)/63)/((-2)/15)?
5
Let x(b) = -b**2 - 7*b - 3. Let i be x(-3). Suppose -g - 6 = 3. What is the units digit of (-2)/g - (-7)/i?
1
Let x(y) = y**3 - 2*y**2 - 5*y - 3. What is the hundreds digit of x(7)?
2
Let f(q) be the third derivative of q**4/12 + q**3/6 - 5*q**2. What is the units digit of f(11)?
3
What is the tens digit of (11*(0 + -3))/(-1)?
3
Let t = 60 - -33. What is the tens digit of (-2 + 5)*t/9?
3
What is the units digit of ((-2)/4)/((-5)/120)?
2
Let m(u) = u**2 + 7*u + 2. Suppose -3*l - 16 = 23. Let b = l + 6. What is the units digit of m(b)?
2
Let x be 90/(-21) + 2/7. Let o be 2/x*0 + 2. Let a(w) = w**3 - 4*w + 3. What is the units digit of a(o)?
3
Let i(t) be the third derivative of 11*t**6/120 + t**5/60 - 2*t**2. Let u be i(1). Suppose 0 = -4*h + 2*h + u. What is the units digit of h?
6
Suppose 4 = -2*t - 2*t. Let x be t - -1*(0 + 8). Suppose 4*u = 2*j - 6, -2*j + x = -0*j - 5*u. What is the units digit of j?
1
Suppose -20 = -9*p + 5*p. Suppose -h + 4*z - 86 = -6*h, h + 3*z - 15 = 0. Suppose -20 = -p*a - 5, -h = -y - 3*a. What is the units digit of y?
9
Let i be 0 + 3 - (-9 - -10). Suppose 100 = i*p + 3*p. What is the units digit of p?
0
Suppose 7*o + 2*t - 261 = 2*o, 0 = 2*o - 3*t - 93. What is the tens digit of o?
5
Let o(l) = l**3 + l**2 + 4. Let h be o(0). Let t(m) = -m + 1. Let s be t(3). What is the units digit of ((-6)/h + -1)*s?
5
Let